 - 32 + 204 = 0. What is the highest common divisor of m and g?
29
Suppose 4*d = -2*i + 9932, 3*d + 2*i - 3109 - 4339 = 0. What is the greatest common factor of d and 644?
92
Let h(q) = 29*q - 9. Let m be 28/6 - (-60)/(-90). Let v be h(m). Let p = 127 - v. What is the highest common factor of 10 and p?
10
Let y(g) = 26*g + 104. Let l be y(-3). Calculate the greatest common divisor of 4511 and l.
13
Let v(z) be the first derivative of 4*z**2 - 5*z + 24 + 1/4*z**4 + 1/3*z**3. Let n be v(3). Calculate the highest common factor of n and 22.
11
Suppose -z + 3*z - 5*r = 26, 1 = -5*z - 4*r. Suppose 4*w + z*n = 64, 2*w + 2*n = -3*w + 73. Calculate the highest common divisor of w and 962.
13
Suppose 10*v + 12*v = 16148. Let m = -579 + v. Calculate the greatest common factor of m and 20.
5
Let r be 10*7/490 - 1230/(-14). Calculate the greatest common divisor of r and 660.
44
Let y(i) = 221*i + 780. Let l be y(0). What is the highest common divisor of l and 455?
65
Suppose -119*r + 42021 = -32*r. Calculate the greatest common factor of r and 14.
7
Suppose -4572*w = -4542*w - 240. What is the greatest common factor of w and 53?
1
Let a(w) = w**2 - 6*w - 16. Let o be a(9). Suppose 18*h - 6933 = 393. Calculate the greatest common divisor of o and h.
11
Suppose -s + 2*u = -14 - 79, -4*s = 5*u - 320. Let f = -65 + s. Calculate the greatest common factor of 380 and f.
20
Suppose 5*g - 18 = 2. Let d be (-5)/((-15)/(-6)) + g*1. Let u be 5*32/40 + 44/d. Calculate the greatest common factor of u and 26.
26
Suppose 407*m - 384*m = 68310. What is the highest common factor of 55 and m?
55
Let p = 73 - -70. Suppose 14*u = 20 + 442. Calculate the greatest common factor of u and p.
11
Suppose 1731 = -2*y - 5*i, 5*y + 3447 = y - 5*i. Let r be 2/(-10) - y/15. Let g = r - 44. What is the greatest common divisor of g and 143?
13
Let z(h) = -36*h - 1. Let c be z(-2). Suppose 0 = k - 3*x + 10 - 96, 0 = -k - 2*x + c. What is the highest common divisor of k and 44?
11
Let l(q) = 2*q**2 - 62 - 41 + q**2 - 3*q + 86. Let v be l(-3). What is the highest common divisor of v and 57?
19
Suppose -i = -3*w + 8, -2*i = -5*w + 12 + 1. Suppose 0 = -0*g - w*g + 156. Let u = -60 + 190. Calculate the greatest common divisor of u and g.
26
Let p(u) = -u**3 + 20*u**2 - 13*u - 24. Let c be p(13). Calculate the greatest common divisor of c and 432.
18
Let a = -70 - -27. Let k = a + 48. Suppose 404 = 4*s - k*u, 0 = -2*s + 5*u + 79 + 133. Calculate the highest common divisor of 24 and s.
24
Let z(h) = -8*h**3 + 3*h**2 - 6. Let k be z(-3). Suppose -33*l + k = -93. What is the greatest common divisor of 530 and l?
10
Let b(k) = -2*k - 35. Let n be b(-13). Let z = -9 - n. Suppose -5*m - 2*h + 494 = z, 3*m + 96 = 4*m - h. Calculate the highest common divisor of m and 245.
49
Let w(x) = 552*x**2 - 38 + 2 - 545*x**2 - x**3 + 5*x. Let m be w(6). Calculate the highest common divisor of m and 48.
6
Let c(q) = -q. Let y(j) = 12*j + 95. Let z(w) = 6*c(w) + y(w). Let g be z(34). Let b be (1 - -10) + 1 + 1. What is the highest common divisor of g and b?
13
Let y be 688/(-2408) + 34*(-38)/(-14). What is the greatest common factor of 322 and y?
46
Let t = -724 + 426. Let z = t + 307. Let g be (2/(-3))/((-1)/108). What is the highest common divisor of z and g?
9
Let c = 5439 + -5204. What is the greatest common divisor of 15 and c?
5
Let m be ((-5124)/(-2135))/((-6)/(-5)). Suppose 0 = -z + 2*z - 26. What is the highest common divisor of m and z?
2
Suppose 0 = 2*i + 28 - 532. What is the greatest common factor of 21 and i?
21
Suppose -21*b - 740 + 1979 = 0. Calculate the greatest common factor of 2183 and b.
59
Let p be (-4)/24*-3*6 - -23. Suppose -268 = -10*f + 6*f. Suppose -4*u + 5*y = -f, p = 2*u - 2*y - 2*y. Calculate the highest common divisor of 23 and u.
23
Let g = -397 - -478. What is the greatest common factor of 3969 and g?
81
Suppose 3*j + y - 12 = -0*j, 3*j = -2*y + 9. Suppose -j*u - 6*w + 32 = -3*w, 0 = 5*w + 5. Suppose u = -4*q + 11. Calculate the highest common factor of 2 and q.
1
Suppose -5*u - 5*m + 505 = 0, 4*m + 121 = -0*u + u. Suppose -2538*i + 2240 = -2522*i. Calculate the greatest common divisor of i and u.
35
Let q = 759 - 478. Suppose -q = -21*v + 97. What is the greatest common factor of v and 48?
6
Let y be 210/525*(10720 - 0). What is the greatest common divisor of 67 and y?
67
Suppose -2*y + 20 = -5*l, 4*y + 2*l + 79 = 167. Suppose 30 = 7*m - 110. What is the greatest common divisor of m and y?
20
Let j(t) = -2038*t + 4127. Let o be j(2). Let r = 251 + -30. Calculate the highest common divisor of o and r.
17
Suppose -3*g + t - 2818 = -37197, -5*g = -5*t - 57285. Calculate the greatest common divisor of g and 73.
73
Suppose -23*f + 36*f = 26. Suppose -3*m + 513 = f*y + 126, -954 = -5*y - 3*m. What is the greatest common divisor of 84 and y?
21
Let q(n) = 11 + 32*n**3 + 20*n**3 - 21 - 6 + 16*n. Let a be q(1). What is the highest common factor of a and 52?
52
Let g(i) = -2*i**3 - 4*i**2 - i - 3. Let z be g(-3). Suppose 0 = -4*m + 49 + 3. Let y = z - m. What is the highest common divisor of y and 25?
5
Suppose d + 179 - 74 = 0. Let r = d + 137. Calculate the greatest common divisor of 32 and r.
32
Let a be 1 + 0 + -2 - 1. Let p(z) = -z**3 - z**2 + 2*z + 1. Let n be p(a). Let t(q) = 8*q - 6. Let d be t(n). Calculate the highest common factor of d and 7.
1
Let z = -3922 + 3943. Calculate the greatest common factor of 117 and z.
3
Let b = -3225 - -3955. Calculate the highest common divisor of 10 and b.
10
Let f = -10 + 12. Suppose 257*t = 263*t - 1080. Suppose -3*x = f*x - t. Calculate the greatest common divisor of 108 and x.
36
Let o = 3961 - 3955. What is the greatest common factor of o and 362?
2
Suppose 0 = -5*v + 5*m + 55, 2*v + 0*m + 6 = -5*m. Let n be v + (1 - 1) - (-1 + 4). Calculate the highest common divisor of 156 and n.
4
Suppose -s + l = -7, 3*s - 1 = -4*l + 3*l. Suppose 5*y - 252 = 3*y. Suppose s*p = -p + y. What is the highest common divisor of p and 462?
42
Let f be (-3)/(-5) + 242/5. Let x = -2003 + 2591. What is the highest common divisor of x and f?
49
Let b be 3 + (-2)/((-10)/65). Suppose 7*w + b = 30. Suppose w*p = -3*j + 17, p - 3*j + 0 = 4. What is the highest common divisor of 28 and p?
7
Let y = -117 - 96. Let s be (-325)/(-12) - (6 - y/(-36)). Calculate the greatest common divisor of s and 4.
1
Let u(g) = -g**2 + 5*g + 12. Let y be u(7). Let z(j) = 17*j**2 + 4*j - 2. Let h be z(y). Let c = 75 - h. Calculate the greatest common divisor of 34 and c.
17
Let m = 433 + -632. Let s = 203 + m. Calculate the highest common factor of s and 26.
2
Let v(h) = 2*h - 9. Let q be v(8). Suppose 4*l = -2*g + 1100, -3*g = 2*l - q*l - 1595. Calculate the greatest common divisor of g and 24.
12
Let f be (-6)/(-21)*(9 - 2). Suppose 6*h + 265 - 703 = 0. Suppose -f*l + l = -5, 0 = 3*m + 5*l - h. What is the highest common divisor of 16 and m?
16
Suppose -3*l - 55 + 271 = -2*z, 80 = l + 2*z. Let m = l + -44. Suppose -m = -3*n + 528. What is the highest common factor of 31 and n?
31
Suppose -5*v = -4*j + 1513, 3*j - 654 = -3*v + 474. What is the greatest common factor of j and 29?
29
Suppose -3*c + 3*t + 555 = 0, 3*t - 318 = -3*c + 249. Calculate the greatest common divisor of 22 and c.
11
Suppose 7*a = -a + 24. Let d be 2 - 1 - 6/(-3). Calculate the highest common factor of d and a.
3
Let t = 2611 - 1489. What is the greatest common factor of 264 and t?
66
Suppose 3*a - 17 = -5. Suppose -v + a*i - 32 = -5*v, -2*v + 2*i = 0. Suppose u = -v + 14. What is the greatest common divisor of 80 and u?
10
Suppose 328*c + 1932 = 351*c. What is the highest common divisor of 1078 and c?
14
Suppose 5*l - l = 4*m + 48, -3*m = 5*l + 20. Let n be (-20)/(-35) + -1*m/7. Suppose 0 = -n*i + 40 - 6. Calculate the greatest common divisor of 34 and i.
17
Let f(s) = -s**2 + 28*s - 105. Let v be f(8). Calculate the highest common factor of v and 6809.
11
Suppose -o - 3*v + 33 = 0, 5*v - v - 58 = -2*o. Suppose q = -3*q. Suppose q = -2*t + t + o. What is the highest common divisor of 231 and t?
21
Let s(d) = -8*d + 71. Let b be s(2). Suppose 0 = -l + q + 165, -3*q = l - 45 - 120. Calculate the highest common factor of b and l.
55
Let b(u) = -u**3 - 5*u**2 + 236*u + 1381. Let t be b(-6). Let z = -2 + 2. Suppose -5